hen b is divided by 11?
8
Let u(b) = -23*b - 84. Let v be u(-6). Suppose -11*c - 7*c = -v. What is the remainder when 96 is divided by c?
0
Suppose -17 = -7*y - 3. Let i(p) = 0*p**3 + p**3 + p**y + 2*p**2 + 2 - p**2 - p. Calculate the remainder when 6 is divided by i(0).
0
Let j = 59 + -54. Suppose t - 78 = -2*m + j*t, 5*m = -2*t + 159. Calculate the remainder when m is divided by (-6)/4*-4 + 1.
5
Let u(v) = -21*v + 79. Let w(d) = -19*d + 77. Let t(p) = -4*u(p) + 5*w(p). What is the remainder when t(-35) is divided by 38?
36
What is the remainder when 1658 is divided by 30710/148*(4/6 - 4/(-30))?
164
Let t(i) = 8*i + 4. Suppose -5*b - 45 = u, -3*b + 4*u - 9 = 41. Let k be t(b). Let x = 125 + k. Calculate the remainder when x is divided by 13.
10
Let v be 2/(-7) + (-60)/(-14). Suppose -v*i + 5*i = -6*i. Suppose i = -16*m + 182 - 22. Calculate the remainder when 39 is divided by m.
9
Let w = -166 + 174. Let g(p) = 110 - 105 + 3*p - 5*p. What is the remainder when g(-8) is divided by w?
5
Suppose 5*v + 3*i = 3, -4 = -7*i + 3*i. Suppose 131*z - 155*z + 2616 = v. Let p(h) = h**2 + h - 4. What is the remainder when z is divided by p(4)?
13
Suppose 17 = t - 18. Suppose t = m + 2*a - a, -3*m + a + 101 = 0. Let k(h) = -h**2 - 10*h - 5. What is the remainder when m is divided by k(-6)?
15
Let b be 342/63 - 9/21. Suppose y = 96 - 20. Calculate the remainder when y is divided by (-26)/b*(-15)/2.
37
Let f = -28 - -45. Calculate the remainder when (-494)/(-6) + 16/(-48) is divided by f.
14
Suppose -81532 = -632*t + 258*t. Suppose 3*w + 2*k = 38, 3*k + 52 = 3*w - 2*k. Calculate the remainder when t is divided by w.
8
Let n(f) = 2*f**3 + 43*f**2 - 50*f - 4. Calculate the remainder when n(-22) is divided by 15.
12
Suppose 4*z - 16 + 8 = 0. Suppose h + 0*h - 16 = 4*w, -h + z*w = -22. Suppose -77 = -7*l + h. Calculate the remainder when 85 is divided by l.
10
Let f be ((-727)/3)/(3/(-9)). Let q = 1783 - 1778. Suppose 7*v + g - 709 = 3*v, -4*v + q*g + f = 0. Calculate the remainder when v is divided by 15.
13
Let w = 29400 + -28730. What is the remainder when w is divided by 75?
70
Suppose -15*c = -18*c - 345 + 984. What is the remainder when 250 is divided by c?
37
Let d be (4 - 2) + 145 + 0. Let a = d + -121. Calculate the remainder when a is divided by 14.
12
Let a = 27 + -26. Let r be a/(-4) + 2965/20. Let i = 315 - r. Calculate the remainder when i is divided by 42.
41
Let h be ((-2)/5)/(3/30*-1). Let y(w) = 5*w**2 - 14*w + 17. What is the remainder when 76 is divided by y(h)?
35
Let l(w) = -12*w - 61. Let r be l(-5). Calculate the remainder when 231 is divided by (-6)/3 - r - (-51 - -3).
43
Suppose 4*c - 7 - 25 = 0. Let t(l) = -l + 18. Let q(h) = h**3 - 5*h**2 - 13*h - 1. Calculate the remainder when t(c) is divided by q(7).
4
Let g = 471 - 241. Suppose 0 = -2*k - c + g, -4*k = -2*k - c - 226. What is the remainder when k is divided by 24?
18
Let k = -24 + 34. Let i be 33/22*(-130)/3. Let r = 100 + i. What is the remainder when r is divided by k?
5
Suppose 8*k = -5*k + 1430. Let u = k - 99. Calculate the remainder when 50 is divided by u.
6
Let p be 500/(-15)*(1086/(-15) - -4). Calculate the remainder when 26 is divided by 1*(-2)/7 + p/532.
2
Let b(c) = -c**3 - 22*c**2 + 31*c - 148. What is the remainder when b(-24) is divided by 99?
62
Suppose 4*y - 2*x - 396 = 118, -5*y + 5*x + 640 = 0. What is the remainder when 388 is divided by y?
1
Let l(o) = -o**3 - 4*o**2 + 5*o + 22. Let r be l(-4). What is the remainder when (3 + -6 + r)*-19 is divided by 5?
4
Suppose 2*w + 0*w = 5*a + 171, -176 = -2*w + 4*a. Suppose -180 = -4*c - c - 3*y, -4*c - 4*y + 152 = 0. Calculate the remainder when w is divided by c.
32
Let j(q) = q**3 - 4*q**3 + 11 + q - 13 + 2*q**3 + 5*q**2. Let f be j(-4). Suppose f*w - 66 = 135*w. What is the remainder when w is divided by 13?
9
Let v be (-37)/1*(-14)/(-7). Let k = v - -116. Suppose 8*f = -0*f + 192. Calculate the remainder when k is divided by f.
18
Let b be ((-12)/21)/(6/(-21)). Let p be b/(-3) - 84/(-18). Suppose -8*x + p*x + 124 = 0. Calculate the remainder when 119 is divided by x.
26
Suppose -15*n = 151 - 2350 - 141. What is the remainder when 390 is divided by n?
78
Suppose -5*x + 5*b = -530 + 165, b = 4*x - 277. Let h(i) = -43*i - 2. Let n be h(2). Calculate the remainder when x is divided by (-12)/18 - n/6.
12
Suppose -7*w + 12*w = 10. Suppose y + 14 = j - 3*y, 70 = 5*j - 2*y. Suppose j = 2*g - 5*n, 4*g + n - 28 = 2*n. What is the remainder when g is divided by w?
1
Let g(l) = -198*l - 13303. Calculate the remainder when 15291 is divided by g(-68).
157
Suppose 313*s - 2447 + 569 = 0. Let z = 235 + -129. Let n = -30 + z. What is the remainder when n is divided by s?
4
Suppose -28*r - 286 - 484 = -83*r. What is the remainder when 207 is divided by r?
11
Let c be -4*(2/(-4) - 3) + -5. Let o(y) = 7*y**2 - 50*y - 19. What is the remainder when o(c) is divided by 10?
8
Suppose 86 = 2*l + 5*u, 3*l + 0*u = -2*u + 118. Let v = -301 - -497. Let t = 384 - v. Calculate the remainder when t is divided by l.
36
Suppose -c + 52 = 3*c. Suppose 120 = c*n - 36. What is the remainder when 93 is divided by n?
9
What is the remainder when 83 is divided by (-74)/(-6) + 544/(-102)?
6
Let h = -20 + 20. Suppose h*r + r = 2. Suppose -39 = -5*g + r*g. What is the remainder when g is divided by 4?
1
Suppose 4*s = 5*s - 88. Suppose -4*t + 172 - 52 = 0. What is the remainder when s is divided by t?
28
Let z = 876 - 820. Suppose 309*m - 307*m = 74. Calculate the remainder when z is divided by m.
19
Suppose -43*p - 16*p + 174994 = 0. Calculate the remainder when p is divided by 54.
50
Suppose 0 = -73*o - 195357 + 361107 + 232027. Calculate the remainder when o is divided by 69.
67
Calculate the remainder when (-2)/((4/143)/(-2)) is divided by (-36)/(-24)*(7 - 35/21).
7
Let k be (-36)/(-48) - (-49)/4. Suppose -g = k*g - 518. What is the remainder when ((-2482)/(-22) - 5) + 8/44 is divided by g?
34
Suppose 5*o = 2*r + 169, -o + 74 = 3*r + 47. Let b(m) = 4*m**2 + 3*m - 4. Calculate the remainder when b(-5) is divided by o.
15
Let c(t) = 12*t**2 + 537*t + 425. Let l = -245 + 368. What is the remainder when l is divided by c(-44)?
7
Let w be -6 + (13 + -6)*1. What is the remainder when 229 is divided by 22 + -26 - w*-22?
13
Let r be (-276)/(-40) - 3/(-30). Suppose -12*q = -r*q - 20. Calculate the remainder when (q/(-10))/((-1)/(32 - -3)) is divided by 8.
6
Suppose -146 = -4*z + 5*o, -o + 1 + 31 = z. Calculate the remainder when 1034 is divided by z.
14
Suppose 5*s - 3*s = -2*h - 4, -h - 2 = 0. Suppose 88 = 2*k + 3*l + 2, s = 4*k - l - 158. What is the remainder when k is divided by 21?
19
Suppose 5*l + 2*l = 18004. Suppose -3*r + l = 2*f, -1268 = -f + 2*r + r. What is the remainder when f/22 + (-14)/77 is divided by 10?
8
Suppose 0 = -5*w + 2*j + 1120, -5*w + j - 661 = -8*w. What is the remainder when 1111 is divided by w?
1
Suppose -118 - 376 = -13*r + 702. What is the remainder when 181 is divided by r?
89
Suppose 0 = 25*t - 14900 - 300. Let h = t + -586. What is the remainder when 372 is divided by h?
20
Let x(d) = d**2 + d - 2. Let r(j) be the third derivative of j**4/12 - 29*j**3/3 - 88*j**2. Calculate the remainder when r(38) is divided by x(3).
8
Let r be (-1 + -47)*(-7)/((-21)/(-81)). Suppose -265*m + 259*m + r = 0. Calculate the remainder when m is divided by 56.
48
Let z = -29881 + 30401. Calculate the remainder when 1056 is divided by z.
16
Suppose 261 = -3*i + 111. Let g = i - -96. What is the remainder when g is divided by 7?
4
Let i = 65 + -3. Let c(u) = -7 + 4*u + 17 - 3*u. What is the remainder when i is divided by c(6)?
14
Let d = 63 + -39. Suppose -l = 2*u - 111, -u + 289 + d = 3*l. What is the remainder when l is divided by 26?
25
Let k(n) = -n + 25 + 3 - n**3 + 14*n**2 - 3 - 5. Let x be k(14). Suppose -x*t + 29 + 25 = 0. What is the remainder when 42 is divided by t?
6
Let l(q) = -q**2 - 1. Let f be l(0). Let b(n) = -90*n**3 - 2*n**2 - n. Let d = -1341 + 1371. Calculate the remainder when b(f) is divided by d.
29
Let q = 145 - 151. Calculate the remainder when (-664)/(-12) - (-2)/q is divided by 15.
10
Let v(l) be the first derivative of 2*l**3/3 + 3*l**2 + 7*l - 10. Let s be v(5). Suppose 0 = 7*x - 668 + s. Calculate the remainder when x 